{"id":2893,"date":"2020-02-26T20:39:03","date_gmt":"2020-02-26T18:39:03","guid":{"rendered":"https:\/\/disparates.org\/lun\/?page_id=2893"},"modified":"2021-06-13T18:57:41","modified_gmt":"2021-06-13T16:57:41","slug":"letre-et-lun-2","status":"publish","type":"page","link":"https:\/\/disparates.org\/lun\/letre-et-lun-2\/","title":{"rendered":"A propos"},"content":{"rendered":"\n<p>On trouvera dans ce blog, sous la rubrique <a href=\"https:\/\/disparates.org\/lun\/letre-et-lun\/\"><strong>\u00ab L\u2019\u00eatre et l\u2019Un \u00bb<\/strong><\/a>, une transcription du cours de Jacques-Alain Miller en 2011. S&rsquo;agissant des premiers cours, il ne s&rsquo;agit que de notes, c&rsquo;est un peu plus tard que je me suis mise \u00e0 enregistrer. Ce cours se donnait \u00e0 Paris au th\u00e9\u00e2tre Dejazet, place de la R\u00e9publique. Il s&rsquo;av\u00e9rera par la suite qu&rsquo;il s&rsquo;agissait du dernier cours de cet extraordinaire enseignement par lui intitul\u00e9<em> <strong>L&rsquo;orientation lacanienne<\/strong><\/em>. 1000 gr\u00e2ces encore lui soit rendues.<\/p>\n\n\n\n<p>Sous la rubrique <a href=\"https:\/\/disparates.org\/lun\/category\/la-obra-de-lacan\/\"><strong>\u00ab La Obra de Lacan \u00bb<\/strong><\/a>, on trouvera une compilation, revue par elle, des tweets de traduction du cours du 9 f\u00e9vrier, par Mariana Alba de Luna ( @aubedelune).<\/p>\n\n\n\n<p>Et sous la rubrique <a href=\"https:\/\/disparates.org\/lun\/complements\/\"><strong>\u00ab Compl\u00e9ments de lecture \u00bb<\/strong><\/a>, il s\u2019agit de textes qui m\u2019ont aid\u00e9e \u00e0 lire ce cours.<\/p>\n\n\n\n<p>Jacques-Alain Miller avait commenc\u00e9  par intituler  son cours <strong> <em>L&rsquo;\u00eatre et l&rsquo;Un<\/em><\/strong>. C&rsquo;est le titre que j&rsquo;ai gard\u00e9. En fin d&rsquo;ann\u00e9e cependant, il consid\u00e9ra qu&rsquo;il conviendrait plut\u00f4t de l&rsquo;appeler tout simplement <em>L&rsquo;Un<\/em>. Plus tard, comme il travaillait \u00e0 sa publication, il d\u00e9cida de l&rsquo;intituler <strong>L&rsquo;Un-tout-seul<\/strong> :<\/p>\n\n\n\n<blockquote class=\"wp-block-quote\"><p> Jacques-Alain Miller a d\u00e9cid\u00e9 de changer le titre de son dernier cours,  celui de l\u2019ann\u00e9e 2010-2011, en vue de sa publication prochaine \u2013&nbsp;<em>exit&nbsp;<\/em>donc&nbsp;<em>L\u2019\u00catre et l\u2019Un<\/em>, et place \u00e0 <em>L\u2019Un-tout-seul !&nbsp;<\/em>Ce changement a son importance parce qu\u2019il indique, \u00e0 mon sens, beaucoup mieux l\u2019orientation m\u00eame de son cours voire de&nbsp;<em>ses<\/em>&nbsp;cours depuis trente ans, orientation qui peut se saisir dans ces termes : Yad\u2019l\u2019Un, <em>pas de deux<\/em>&nbsp;!<\/p><cite><a href=\"http:\/\/jonathanleroy.be\/2016\/02\/orientation-lacanienne-jacques-alain-miller\/\">Philippe HelLEbois<\/a><\/cite><\/blockquote>\n\n\n\n<p><strong>V\u00e9ronique M\u00fcller<\/strong><\/p>\n\n\n\n<hr class=\"wp-block-separator\"\/>\n\n\n\n<div class=\"wp-block-getwid-advanced-heading alignwide alignwide has-custom-font-size\" style=\"font-size:51px\"><span class=\"wp-block-getwid-advanced-heading__content has-text-color has-accent-color\" style=\"text-align:center;font-family:&quot;Abril Fatface&quot;;font-weight:normal;line-height:77px\">L&rsquo;Un-tout-seul<\/span><\/div>\n\n\n<ul class=\"wp-block-latest-posts__list has-dates wp-block-latest-posts\"><li><div class=\"wp-block-latest-posts__featured-image alignleft\"><img width=\"150\" height=\"150\" src=\"https:\/\/disparates.org\/lun\/wp-content\/uploads\/2011\/09\/lacan-500-150x150.jpg\" class=\"attachment-thumbnail size-thumbnail wp-post-image\" alt=\"\" loading=\"lazy\" style=\"max-width:113px;max-height:113px;\" \/><\/div><a href=\"https:\/\/disparates.org\/lun\/2011\/01\/jam-19-1-2011-lenseigneur-lacan\/\">I. L&rsquo;enseigneur, son traducteur et le vide central &#8211;  19 janvier<\/a><time datetime=\"2011-01-19T10:17:10+02:00\" class=\"wp-block-latest-posts__post-date\">19 janvier 2011<\/time><\/li>\n<li><a href=\"https:\/\/disparates.org\/lun\/2011\/01\/avec-les-philosophes-des-suites-de-la-representation-du-monde-terreur-du-doute-reve-ou-reel\/\">II. Avec les philosophes, des suites de la repr\u00e9sentation du monde &#8211; Terreur du doute, R\u00eave ou r\u00e9el?<\/a><time datetime=\"2011-01-26T17:46:58+02:00\" class=\"wp-block-latest-posts__post-date\">26 janvier 2011<\/time><\/li>\n<li><a href=\"https:\/\/disparates.org\/lun\/2011\/02\/cours-de-jacques-alain-miller-du-2-fevrier-2011\/\">III. L&rsquo;exp\u00e9rience analytique et ses effets  &#8211; 2 f\u00e9vrier 2011<\/a><time datetime=\"2011-02-07T10:18:15+02:00\" class=\"wp-block-latest-posts__post-date\">7 f\u00e9vrier 2011<\/time><\/li>\n<li><div class=\"wp-block-latest-posts__featured-image alignleft\"><img width=\"150\" height=\"150\" src=\"https:\/\/disparates.org\/lun\/wp-content\/uploads\/2011\/03\/leonard-de-vinci-saint-jean-baptiste-150x150.jpg\" class=\"attachment-thumbnail size-thumbnail wp-post-image\" alt=\"\" loading=\"lazy\" style=\"max-width:113px;max-height:113px;\" \/><\/div><a href=\"https:\/\/disparates.org\/lun\/2011\/02\/cours-de-jacques-alain-miller-du-9-fevrier-2011\/\">IV. &#8211; 9 f\u00e9vrier 2011<\/a><time datetime=\"2011-02-09T10:05:04+02:00\" class=\"wp-block-latest-posts__post-date\">9 f\u00e9vrier 2011<\/time><\/li>\n<li><a href=\"https:\/\/disparates.org\/lun\/2011\/03\/cours-de-jacques-alain-miller-du-2-mars-2011\/\">V. Qu&rsquo;est-ce que le r\u00e9el? &#8211; 2 mars 2011<\/a><time datetime=\"2011-03-02T09:17:24+02:00\" class=\"wp-block-latest-posts__post-date\">2 mars 2011<\/time><\/li>\n<li><a href=\"https:\/\/disparates.org\/lun\/2011\/03\/jam-9-mars-2011-de-l-ontologie-a-lontique\/\">VI. De l\u2019ontologie \u00e0 l\u2019ontique \u2013 9 mars 2011<\/a><time datetime=\"2011-03-09T09:52:45+02:00\" class=\"wp-block-latest-posts__post-date\">9 mars 2011<\/time><\/li>\n<li><a href=\"https:\/\/disparates.org\/lun\/2011\/03\/jacques-alain-miller-notes-du-cours-du-16-mars-2011-partie-i-alors-faut-que-jvous-prenne-par-la-main\/\">VII. L&rsquo;existentialisme de Lacan est un logicisme \/\/<\/a><time datetime=\"2011-03-16T22:40:43+02:00\" class=\"wp-block-latest-posts__post-date\">16 mars 2011<\/time><\/li>\n<li><div class=\"wp-block-latest-posts__featured-image alignleft\"><img width=\"150\" height=\"150\" src=\"https:\/\/disparates.org\/lun\/wp-content\/uploads\/2011\/03\/tigre03-150x150.jpg\" class=\"attachment-thumbnail size-thumbnail wp-post-image\" alt=\"\" loading=\"lazy\" style=\"max-width:113px;max-height:113px;\" \/><\/div><a href=\"https:\/\/disparates.org\/lun\/2011\/03\/8-cours-jam-23-mars-2011\/\">VIII. \u2013 23 mars 2011<\/a><time datetime=\"2011-03-25T14:44:40+02:00\" class=\"wp-block-latest-posts__post-date\">25 mars 2011<\/time><\/li>\n<li><a href=\"https:\/\/disparates.org\/lun\/2011\/03\/9-cours-jam-30-mars-11\/\">IX.  Direction de la cure \/\/ de l&rsquo;en-de\u00e7\u00e0 du refoul\u00e9 \u00e0 un au-del\u00e0 de la passe-  30 mars 2011<\/a><time datetime=\"2011-03-30T19:41:24+02:00\" class=\"wp-block-latest-posts__post-date\">30 mars 2011<\/time><\/li>\n<li><a href=\"https:\/\/disparates.org\/lun\/2011\/04\/cours-jam-6-avril-itineraire-iteration-lacan\/\">X.  Itin\u00e9raire et it\u00e9ration de Lacan \/\/ imaginaire \u2192 symbolique  \u2192 r\u00e9el\u2013 6 avril<\/a><time datetime=\"2011-04-08T14:50:03+02:00\" class=\"wp-block-latest-posts__post-date\">8 avril 2011<\/time><\/li>\n<li><a href=\"https:\/\/disparates.org\/lun\/2011\/05\/jam-3-mai-2011\/\">XI . l&rsquo;outrepasse &#8211; 3 mai<\/a><time datetime=\"2011-05-05T13:44:33+02:00\" class=\"wp-block-latest-posts__post-date\">5 mai 2011<\/time><\/li>\n<li><a href=\"https:\/\/disparates.org\/lun\/2011\/05\/jacques-alain-miller-cours-du-11-mai\/\">XII.  un regard en arri\u00e8re &#8211; 11 mai<\/a><time datetime=\"2011-05-11T15:36:07+02:00\" class=\"wp-block-latest-posts__post-date\">11 mai 2011<\/time><\/li>\n<li><a href=\"https:\/\/disparates.org\/lun\/2011\/05\/cours-de-jacques-alain-miller-18-mai-2011\/\">XIII. tripartition de la cause lacanienne &#8211; 18 mai<\/a><time datetime=\"2011-05-18T18:16:55+02:00\" class=\"wp-block-latest-posts__post-date\">18 mai 2011<\/time><\/li>\n<li><div class=\"wp-block-latest-posts__featured-image alignleft\"><img width=\"150\" height=\"150\" src=\"https:\/\/disparates.org\/lun\/wp-content\/uploads\/2011\/06\/export-150x150.jpg\" class=\"attachment-thumbnail size-thumbnail wp-post-image\" alt=\"\" loading=\"lazy\" style=\"max-width:113px;max-height:113px;\" \/><\/div><a href=\"https:\/\/disparates.org\/lun\/2011\/05\/14-cours-de-jacques-alain-miller-25-mai-2\/\">XIV.   le point de capiton de Montpellier \/ tripartition de consistances cliniques &#8211; 25 mai<\/a><time datetime=\"2011-05-25T23:33:45+02:00\" class=\"wp-block-latest-posts__post-date\">25 mai 2011<\/time><\/li>\n<li><div class=\"wp-block-latest-posts__featured-image alignleft\"><img width=\"150\" height=\"150\" src=\"https:\/\/disparates.org\/lun\/wp-content\/uploads\/2011\/07\/sartre_camus_reverdy_lacan_picasso_brassai_max-150x150.jpg\" class=\"attachment-thumbnail size-thumbnail wp-post-image\" alt=\"Debout de gauche \u00e0 droite: J. Lacan, C\u00e9cile Eluard, P. Reverdy, Louise Leiris, Picasso, Zanie de Campan, Valentine Hugo, Simone de Beauvoir, Brassa\u00ef. Assis de gauche \u00e0 droite: Sartre, Camus, Michel Leiris, Jean Aubier.\" loading=\"lazy\" style=\"max-width:113px;max-height:113px;\" \/><\/div><a href=\"https:\/\/disparates.org\/lun\/2011\/06\/jam-15-juin\/\">XV. post-scriptum \/ les usages lacaniens de l&rsquo;ontologie &#8211; 15 juin 2011<\/a><time datetime=\"2011-06-15T09:38:02+02:00\" class=\"wp-block-latest-posts__post-date\">15 juin 2011<\/time><\/li>\n<\/ul>","protected":false},"excerpt":{"rendered":"<p>On trouvera dans ce blog, sous la rubrique \u00ab L\u2019\u00eatre et l\u2019Un \u00bb, une transcription du cours de Jacques-Alain Miller en 2011. S&rsquo;agissant des premiers cours, il ne s&rsquo;agit que de notes, c&rsquo;est un peu plus tard que je me &hellip; <a href=\"https:\/\/disparates.org\/lun\/letre-et-lun-2\/\">Continuer la lecture <span class=\"meta-nav\">&rarr;<\/span><\/a><\/p>\n","protected":false},"author":1,"featured_media":0,"parent":0,"menu_order":4,"comment_status":"closed","ping_status":"closed","template":"templates\/template-cover.php","meta":{"spay_email":""},"jetpack_shortlink":"https:\/\/wp.me\/P2zPSJ-KF","jetpack_sharing_enabled":true,"jetpack-related-posts":[{"id":2556,"url":"https:\/\/disparates.org\/lun\/letre-et-lun\/","url_meta":{"origin":2893,"position":0},"title":"L'\u00eatre et l'un","date":"13 janvier 2012","format":false,"excerpt":"","rel":"","context":"Article similaire","img":{"alt_text":"","src":"https:\/\/i1.wp.com\/disparates.org\/lun\/wp-content\/uploads\/2011\/08\/photo_jam2.jpg?resize=350%2C200&ssl=1","width":350,"height":200},"classes":[]}],"_links":{"self":[{"href":"https:\/\/disparates.org\/lun\/wp-json\/wp\/v2\/pages\/2893"}],"collection":[{"href":"https:\/\/disparates.org\/lun\/wp-json\/wp\/v2\/pages"}],"about":[{"href":"https:\/\/disparates.org\/lun\/wp-json\/wp\/v2\/types\/page"}],"author":[{"embeddable":true,"href":"https:\/\/disparates.org\/lun\/wp-json\/wp\/v2\/users\/1"}],"replies":[{"embeddable":true,"href":"https:\/\/disparates.org\/lun\/wp-json\/wp\/v2\/comments?post=2893"}],"version-history":[{"count":32,"href":"https:\/\/disparates.org\/lun\/wp-json\/wp\/v2\/pages\/2893\/revisions"}],"predecessor-version":[{"id":3000,"href":"https:\/\/disparates.org\/lun\/wp-json\/wp\/v2\/pages\/2893\/revisions\/3000"}],"wp:attachment":[{"href":"https:\/\/disparates.org\/lun\/wp-json\/wp\/v2\/media?parent=2893"}],"curies":[{"name":"wp","href":"https:\/\/api.w.org\/{rel}","templated":true}]}}

<p>On trouvera dans ce blog, sous la rubrique <a href="https://disparates.org/lun/letre-et-lun/"><strong>« L’être et l’Un »</strong></a>, une transcription du cours de Jacques-Alain Miller en 2011. S&rsquo;agissant des premiers cours, il ne s&rsquo;agit que de notes, c&rsquo;est un peu plus tard que je me suis mise à enregistrer. Ce cours se donnait à Paris au théâtre Dejazet, place de la République. Il s&rsquo;avérera par la suite qu&rsquo;il s&rsquo;agissait du dernier cours de cet extraordinaire enseignement par lui intitulé<em> <strong>L&rsquo;orientation lacanienne</strong></em>. 1000 grâces encore lui soit rendues.</p>



<p>Sous la rubrique <a href="https://disparates.org/lun/category/la-obra-de-lacan/"><strong>« La Obra de Lacan »</strong></a>, on trouvera une compilation, revue par elle, des tweets de traduction du cours du 9 février, par Mariana Alba de Luna ( @aubedelune).</p>



<p>Et sous la rubrique <a href="https://disparates.org/lun/complements/"><strong>« Compléments de lecture »</strong></a>, il s’agit de textes qui m’ont aidée à lire ce cours.</p>



<p>Jacques-Alain Miller avait commencé  par intituler  son cours <strong> <em>L&rsquo;être et l&rsquo;Un</em></strong>. C&rsquo;est le titre que j&rsquo;ai gardé. En fin d&rsquo;année cependant, il considéra qu&rsquo;il conviendrait plutôt de l&rsquo;appeler tout simplement <em>L&rsquo;Un</em>. Plus tard, comme il travaillait à sa publication, il décida de l&rsquo;intituler <strong>L&rsquo;Un-tout-seul</strong> :</p>



<blockquote class="wp-block-quote"><p> Jacques-Alain Miller a décidé de changer le titre de son dernier cours,  celui de l’année 2010-2011, en vue de sa publication prochaine –&nbsp;<em>exit&nbsp;</em>donc&nbsp;<em>L’Être et l’Un</em>, et place à <em>L’Un-tout-seul !&nbsp;</em>Ce changement a son importance parce qu’il indique, à mon sens, beaucoup mieux l’orientation même de son cours voire de&nbsp;<em>ses</em>&nbsp;cours depuis trente ans, orientation qui peut se saisir dans ces termes : Yad’l’Un, <em>pas de deux</em>&nbsp;!</p><cite><a href="http://jonathanleroy.be/2016/02/orientation-lacanienne-jacques-alain-miller/">Philippe HelLEbois</a></cite></blockquote>



<p><strong>Véronique Müller</strong></p>



<hr class="wp-block-separator"/>



<div class="wp-block-getwid-advanced-heading alignwide alignwide has-custom-font-size" style="font-size:51px"><span class="wp-block-getwid-advanced-heading__content has-text-color has-accent-color" style="text-align:center;font-family:&quot;Abril Fatface&quot;;font-weight:normal;line-height:77px">L&rsquo;Un-tout-seul</span></div>


<ul class="wp-block-latest-posts__list has-dates wp-block-latest-posts"><li><div class="wp-block-latest-posts__featured-image alignleft"><img width="150" height="150" src="https://disparates.org/lun/wp-content/uploads/2011/09/lacan-500-150x150.jpg" class="attachment-thumbnail size-thumbnail wp-post-image" alt="" loading="lazy" style="max-width:113px;max-height:113px;" /></div><a href="https://disparates.org/lun/2011/01/jam-19-1-2011-lenseigneur-lacan/">I. L&rsquo;enseigneur, son traducteur et le vide central &#8211;  19 janvier</a><time datetime="2011-01-19T10:17:10+02:00" class="wp-block-latest-posts__post-date">19 janvier 2011</time></li>
<li><a href="https://disparates.org/lun/2011/01/avec-les-philosophes-des-suites-de-la-representation-du-monde-terreur-du-doute-reve-ou-reel/">II. Avec les philosophes, des suites de la représentation du monde &#8211; Terreur du doute, Rêve ou réel?</a><time datetime="2011-01-26T17:46:58+02:00" class="wp-block-latest-posts__post-date">26 janvier 2011</time></li>
<li><a href="https://disparates.org/lun/2011/02/cours-de-jacques-alain-miller-du-2-fevrier-2011/">III. L&rsquo;expérience analytique et ses effets  &#8211; 2 février 2011</a><time datetime="2011-02-07T10:18:15+02:00" class="wp-block-latest-posts__post-date">7 février 2011</time></li>
<li><div class="wp-block-latest-posts__featured-image alignleft"><img width="150" height="150" src="https://disparates.org/lun/wp-content/uploads/2011/03/leonard-de-vinci-saint-jean-baptiste-150x150.jpg" class="attachment-thumbnail size-thumbnail wp-post-image" alt="" loading="lazy" style="max-width:113px;max-height:113px;" /></div><a href="https://disparates.org/lun/2011/02/cours-de-jacques-alain-miller-du-9-fevrier-2011/">IV. &#8211; 9 février 2011</a><time datetime="2011-02-09T10:05:04+02:00" class="wp-block-latest-posts__post-date">9 février 2011</time></li>
<li><a href="https://disparates.org/lun/2011/03/cours-de-jacques-alain-miller-du-2-mars-2011/">V. Qu&rsquo;est-ce que le réel? &#8211; 2 mars 2011</a><time datetime="2011-03-02T09:17:24+02:00" class="wp-block-latest-posts__post-date">2 mars 2011</time></li>
<li><a href="https://disparates.org/lun/2011/03/jam-9-mars-2011-de-l-ontologie-a-lontique/">VI. De l’ontologie à l’ontique – 9 mars 2011</a><time datetime="2011-03-09T09:52:45+02:00" class="wp-block-latest-posts__post-date">9 mars 2011</time></li>
<li><a href="https://disparates.org/lun/2011/03/jacques-alain-miller-notes-du-cours-du-16-mars-2011-partie-i-alors-faut-que-jvous-prenne-par-la-main/">VII. L&rsquo;existentialisme de Lacan est un logicisme //</a><time datetime="2011-03-16T22:40:43+02:00" class="wp-block-latest-posts__post-date">16 mars 2011</time></li>
<li><div class="wp-block-latest-posts__featured-image alignleft"><img width="150" height="150" src="https://disparates.org/lun/wp-content/uploads/2011/03/tigre03-150x150.jpg" class="attachment-thumbnail size-thumbnail wp-post-image" alt="" loading="lazy" style="max-width:113px;max-height:113px;" /></div><a href="https://disparates.org/lun/2011/03/8-cours-jam-23-mars-2011/">VIII. – 23 mars 2011</a><time datetime="2011-03-25T14:44:40+02:00" class="wp-block-latest-posts__post-date">25 mars 2011</time></li>
<li><a href="https://disparates.org/lun/2011/03/9-cours-jam-30-mars-11/">IX.  Direction de la cure // de l&rsquo;en-deçà du refoulé à un au-delà de la passe-  30 mars 2011</a><time datetime="2011-03-30T19:41:24+02:00" class="wp-block-latest-posts__post-date">30 mars 2011</time></li>
<li><a href="https://disparates.org/lun/2011/04/cours-jam-6-avril-itineraire-iteration-lacan/">X.  Itinéraire et itération de Lacan // imaginaire → symbolique  → réel– 6 avril</a><time datetime="2011-04-08T14:50:03+02:00" class="wp-block-latest-posts__post-date">8 avril 2011</time></li>
<li><a href="https://disparates.org/lun/2011/05/jam-3-mai-2011/">XI . l&rsquo;outrepasse &#8211; 3 mai</a><time datetime="2011-05-05T13:44:33+02:00" class="wp-block-latest-posts__post-date">5 mai 2011</time></li>
<li><a href="https://disparates.org/lun/2011/05/jacques-alain-miller-cours-du-11-mai/">XII.  un regard en arrière &#8211; 11 mai</a><time datetime="2011-05-11T15:36:07+02:00" class="wp-block-latest-posts__post-date">11 mai 2011</time></li>
<li><a href="https://disparates.org/lun/2011/05/cours-de-jacques-alain-miller-18-mai-2011/">XIII. tripartition de la cause lacanienne &#8211; 18 mai</a><time datetime="2011-05-18T18:16:55+02:00" class="wp-block-latest-posts__post-date">18 mai 2011</time></li>
<li><div class="wp-block-latest-posts__featured-image alignleft"><img width="150" height="150" src="https://disparates.org/lun/wp-content/uploads/2011/06/export-150x150.jpg" class="attachment-thumbnail size-thumbnail wp-post-image" alt="" loading="lazy" style="max-width:113px;max-height:113px;" /></div><a href="https://disparates.org/lun/2011/05/14-cours-de-jacques-alain-miller-25-mai-2/">XIV.   le point de capiton de Montpellier / tripartition de consistances cliniques &#8211; 25 mai</a><time datetime="2011-05-25T23:33:45+02:00" class="wp-block-latest-posts__post-date">25 mai 2011</time></li>
<li><div class="wp-block-latest-posts__featured-image alignleft"><img width="150" height="150" src="https://disparates.org/lun/wp-content/uploads/2011/07/sartre_camus_reverdy_lacan_picasso_brassai_max-150x150.jpg" class="attachment-thumbnail size-thumbnail wp-post-image" alt="Debout de gauche à droite: J. Lacan, Cécile Eluard, P. Reverdy, Louise Leiris, Picasso, Zanie de Campan, Valentine Hugo, Simone de Beauvoir, Brassaï. Assis de gauche à droite: Sartre, Camus, Michel Leiris, Jean Aubier." loading="lazy" style="max-width:113px;max-height:113px;" /></div><a href="https://disparates.org/lun/2011/06/jam-15-juin/">XV. post-scriptum / les usages lacaniens de l&rsquo;ontologie &#8211; 15 juin 2011</a><time datetime="2011-06-15T09:38:02+02:00" class="wp-block-latest-posts__post-date">15 juin 2011</time></li>
</ul>

<p>On trouvera dans ce blog, sous la rubrique « L’être et l’Un », une transcription du cours de Jacques-Alain Miller en 2011. S&rsquo;agissant des premiers cours, il ne s&rsquo;agit que de notes, c&rsquo;est un peu plus tard que je me &hellip; <a href="https://disparates.org/lun/letre-et-lun-2/">Continuer la lecture <span class="meta-nav">&rarr;</span></a></p>

L'être et l'un
